{"id":771,"date":"2024-08-02T11:58:20","date_gmt":"2024-08-02T11:58:20","guid":{"rendered":"https:\/\/halbes-schloss.de\/?page_id=771"},"modified":"2026-02-11T13:20:51","modified_gmt":"2026-02-11T13:20:51","slug":"jugendbauhuette","status":"publish","type":"page","link":"https:\/\/halbes-schloss.de\/index.php\/jugendbauhuette\/","title":{"rendered":"Jugendbauh\u00fctte"},"content":{"rendered":"\n<p>Jugendbauh\u00fctte im Halben Schloss \u2013 junge H\u00e4nde f\u00fcr lebendiges Kulturerbe<\/p>\n\n\n\n<figure class=\"wp-block-image size-full\"><img loading=\"lazy\" decoding=\"async\" width=\"1024\" height=\"1\" src=\"https:\/\/halbes-schloss.de\/wp-content\/uploads\/2024\/02\/Webseite_Trenner_lang.jpg\" alt=\"\" class=\"wp-image-620\" srcset=\"https:\/\/halbes-schloss.de\/wp-content\/uploads\/2024\/02\/Webseite_Trenner_lang.jpg 1024w, https:\/\/halbes-schloss.de\/wp-content\/uploads\/2024\/02\/Webseite_Trenner_lang-300x1.jpg 300w, https:\/\/halbes-schloss.de\/wp-content\/uploads\/2024\/02\/Webseite_Trenner_lang-150x1.jpg 150w, https:\/\/halbes-schloss.de\/wp-content\/uploads\/2024\/02\/Webseite_Trenner_lang-768x1.jpg 768w, https:\/\/halbes-schloss.de\/wp-content\/uploads\/2024\/02\/Webseite_Trenner_lang-950x1.jpg 950w\" sizes=\"auto, (max-width: 1024px) 100vw, 1024px\" \/><\/figure>\n\n\n\n<p>Das\u00a0<strong>Halbe Schloss<\/strong>\u00a0in\u00a0<strong>Langenleuba-Niederhain<\/strong>\u00a0blickt auf eine lange Bildungstradition zur\u00fcck: Bereits seit 1714 wurde es f\u00fcr Ausbildungszwecke genutzt \u2013 unter anderem zur F\u00f6rderung von Handwerkern und sp\u00e4ter als Standort einer der ersten handwerklichen Berufsschulen.<br>Nach mehreren Jahrzehnten des Leerstands wird diese besondere Tradition nun fortgef\u00fchrt.<\/p>\n\n\n\n<p>Ab September 2024 ist das Halbe Schloss Einsatzstelle einer mobilen Jugendbauh\u00fctte der&nbsp;<strong>Jugendbauh\u00fctte M\u00fchlhausen<\/strong>. Damit wird das historische Geb\u00e4ude wieder zu einem Ort des Lernens, Arbeitens und gemeinsamen Gestaltens.<\/p>\n\n\n\n<figure class=\"wp-block-image size-full\"><img loading=\"lazy\" decoding=\"async\" width=\"1024\" height=\"1\" src=\"https:\/\/halbes-schloss.de\/wp-content\/uploads\/2024\/02\/Webseite_Trenner_lang.jpg\" alt=\"\" class=\"wp-image-620\" srcset=\"https:\/\/halbes-schloss.de\/wp-content\/uploads\/2024\/02\/Webseite_Trenner_lang.jpg 1024w, https:\/\/halbes-schloss.de\/wp-content\/uploads\/2024\/02\/Webseite_Trenner_lang-300x1.jpg 300w, https:\/\/halbes-schloss.de\/wp-content\/uploads\/2024\/02\/Webseite_Trenner_lang-150x1.jpg 150w, https:\/\/halbes-schloss.de\/wp-content\/uploads\/2024\/02\/Webseite_Trenner_lang-768x1.jpg 768w, https:\/\/halbes-schloss.de\/wp-content\/uploads\/2024\/02\/Webseite_Trenner_lang-950x1.jpg 950w\" sizes=\"auto, (max-width: 1024px) 100vw, 1024px\" \/><\/figure>\n\n\n\n<div class=\"wp-block-columns is-layout-flex wp-container-core-columns-is-layout-28f84493 wp-block-columns-is-layout-flex\">\n<div class=\"wp-block-column is-layout-flow wp-block-column-is-layout-flow\">\n<figure class=\"wp-block-image size-full is-resized\"><img loading=\"lazy\" decoding=\"async\" width=\"789\" height=\"1636\" src=\"https:\/\/halbes-schloss.de\/wp-content\/uploads\/2024\/05\/Bildschirmfoto-2024-05-23-um-10.27.13.png\" alt=\"\" class=\"wp-image-704\" style=\"width:306px;height:auto\" srcset=\"https:\/\/halbes-schloss.de\/wp-content\/uploads\/2024\/05\/Bildschirmfoto-2024-05-23-um-10.27.13.png 789w, https:\/\/halbes-schloss.de\/wp-content\/uploads\/2024\/05\/Bildschirmfoto-2024-05-23-um-10.27.13-145x300.png 145w, https:\/\/halbes-schloss.de\/wp-content\/uploads\/2024\/05\/Bildschirmfoto-2024-05-23-um-10.27.13-494x1024.png 494w, https:\/\/halbes-schloss.de\/wp-content\/uploads\/2024\/05\/Bildschirmfoto-2024-05-23-um-10.27.13-768x1592.png 768w, https:\/\/halbes-schloss.de\/wp-content\/uploads\/2024\/05\/Bildschirmfoto-2024-05-23-um-10.27.13-741x1536.png 741w\" sizes=\"auto, (max-width: 789px) 100vw, 789px\" \/><\/figure>\n<\/div>\n\n\n\n<div class=\"wp-block-column is-layout-flow wp-block-column-is-layout-flow\">\n<h3 class=\"wp-block-heading\">Was ist eine Jugendbauh\u00fctte? <\/h3>\n\n\n\n<p>In den bundesweit 16 Jugendbauh\u00fctten haben junge Menschen im Alter von 16 bis 26 Jahren die M\u00f6glichkeit, ein Freiwilliges Soziales Jahr in der Denkmalpflege zu absolvieren. Ein ganzes Jahr lang lernen sie traditionelle Handwerkstechniken, wenden diese direkt am historischen Original an und erleben, was es bedeutet, mit den eigenen H\u00e4nden zum Erhalt unseres kulturellen Erbes beizutragen.<\/p>\n\n\n\n<p>Vorbild sind die mittelalterlichen Bauh\u00fctten, in denen Leben und Arbeiten eng miteinander verbunden waren und der Lehrling direkt vom Meister am Bauwerk lernte. Erg\u00e4nzt wird die praktische Arbeit durch Seminare zu Stil- und Materialkunde, Forschungs- und Arbeitsmethoden, Grundlagen der Denkmalpflege sowie zur Bedeutung des europ\u00e4ischen Kulturerbes.<\/p>\n\n\n\n<p>Bisher haben rund 6.000 junge Menschen ein Freiwilliges Soziales Jahr in den Jugendbauh\u00fctten absolviert. Viele von ihnen entdecken hier nicht nur ihre Leidenschaft f\u00fcr historische Bauten, sondern auch ihren sp\u00e4teren Berufsweg in der Denkmalpflege oder im traditionellen Handwerk.<\/p>\n\n\n\n<p>Die Jugendbauh\u00fctten sind ein Projekt der&nbsp;<strong>Deutsche Stiftung Denkmalschutz<\/strong>&nbsp;in Tr\u00e4gerschaft der&nbsp;<strong>Internationale Jugendgemeinschaftsdienste<\/strong>.<br><\/p>\n\n\n\n<p>Mehr \u00fcber die Jugendbauh\u00fctte kann <a href=\"https:\/\/www.denkmalschutz.de\/denkmale-erleben\/jugendbauhuetten.html\">hier<\/a> nachgelesen werden.<\/p>\n<\/div>\n<\/div>\n\n\n\n<figure class=\"wp-block-image size-full\"><img loading=\"lazy\" decoding=\"async\" width=\"1024\" height=\"1\" src=\"https:\/\/halbes-schloss.de\/wp-content\/uploads\/2024\/02\/Webseite_Trenner_lang.jpg\" alt=\"\" class=\"wp-image-620\" srcset=\"https:\/\/halbes-schloss.de\/wp-content\/uploads\/2024\/02\/Webseite_Trenner_lang.jpg 1024w, https:\/\/halbes-schloss.de\/wp-content\/uploads\/2024\/02\/Webseite_Trenner_lang-300x1.jpg 300w, https:\/\/halbes-schloss.de\/wp-content\/uploads\/2024\/02\/Webseite_Trenner_lang-150x1.jpg 150w, https:\/\/halbes-schloss.de\/wp-content\/uploads\/2024\/02\/Webseite_Trenner_lang-768x1.jpg 768w, https:\/\/halbes-schloss.de\/wp-content\/uploads\/2024\/02\/Webseite_Trenner_lang-950x1.jpg 950w\" sizes=\"auto, (max-width: 1024px) 100vw, 1024px\" \/><\/figure>\n\n\n\n<div class=\"wp-block-columns is-layout-flex wp-container-core-columns-is-layout-28f84493 wp-block-columns-is-layout-flex\">\n<div class=\"wp-block-column is-layout-flow wp-block-column-is-layout-flow\">\n<figure class=\"wp-block-image size-full is-resized\"><img loading=\"lazy\" decoding=\"async\" width=\"1600\" height=\"1200\" src=\"https:\/\/halbes-schloss.de\/wp-content\/uploads\/2025\/05\/WhatsApp-Image-2025-05-01-at-10.31.43.jpeg\" alt=\"\" class=\"wp-image-1069\" style=\"width:549px;height:auto\" srcset=\"https:\/\/halbes-schloss.de\/wp-content\/uploads\/2025\/05\/WhatsApp-Image-2025-05-01-at-10.31.43.jpeg 1600w, https:\/\/halbes-schloss.de\/wp-content\/uploads\/2025\/05\/WhatsApp-Image-2025-05-01-at-10.31.43-300x225.jpeg 300w, https:\/\/halbes-schloss.de\/wp-content\/uploads\/2025\/05\/WhatsApp-Image-2025-05-01-at-10.31.43-1024x768.jpeg 1024w\" sizes=\"auto, (max-width: 1600px) 100vw, 1600px\" \/><\/figure>\n<\/div>\n\n\n\n<div class=\"wp-block-column is-layout-flow wp-block-column-is-layout-flow\">\n<h3 class=\"wp-block-heading\">Die Einsatzstelle<\/h3>\n\n\n\n<p><br>Die Einsatzstelle in Langenleuba-Niederhain umfasst das Halbe Schloss, das Wohnhaus der ehemaligen M\u00fchle sowie die Au\u00dfenanlagen. Die praktischen Arbeiten erfolgen unter Anleitung verschiedener Fachanleiterinnen und Fachanleiter.<\/p>\n\n\n\n<p>Neben den regul\u00e4ren Seminarwochen der Jugendbauh\u00fctte M\u00fchlhausen finden weitere Exkursionen statt. Diese Tagesexkursionen stehen jeweils unter einem thematischen Schwerpunkt und beleuchten Denkmalpflege, Baukultur und Handwerk aus unterschiedlichen Perspektiven. Erg\u00e4nzend zur Arbeit an den Geb\u00e4uden geh\u00f6rt auch ein Veranstaltungsbetrieb zur Einsatzstelle.<\/p>\n\n\n\n<p>F\u00fcr die Teilnehmenden steht Wohnraum im Ort zur Verf\u00fcgung, der angemietet werden kann.<\/p>\n<\/div>\n<\/div>\n\n\n\n<figure class=\"wp-block-image size-full\"><img loading=\"lazy\" decoding=\"async\" width=\"1024\" height=\"1\" src=\"https:\/\/halbes-schloss.de\/wp-content\/uploads\/2024\/02\/Webseite_Trenner_lang.jpg\" alt=\"\" class=\"wp-image-620\" srcset=\"https:\/\/halbes-schloss.de\/wp-content\/uploads\/2024\/02\/Webseite_Trenner_lang.jpg 1024w, https:\/\/halbes-schloss.de\/wp-content\/uploads\/2024\/02\/Webseite_Trenner_lang-300x1.jpg 300w, https:\/\/halbes-schloss.de\/wp-content\/uploads\/2024\/02\/Webseite_Trenner_lang-150x1.jpg 150w, https:\/\/halbes-schloss.de\/wp-content\/uploads\/2024\/02\/Webseite_Trenner_lang-768x1.jpg 768w, https:\/\/halbes-schloss.de\/wp-content\/uploads\/2024\/02\/Webseite_Trenner_lang-950x1.jpg 950w\" sizes=\"auto, (max-width: 1024px) 100vw, 1024px\" \/><\/figure>\n\n\n\n<figure class=\"wp-block-video\"><video height=\"480\" style=\"aspect-ratio: 848 \/ 480;\" width=\"848\" controls src=\"https:\/\/halbes-schloss.de\/wp-content\/uploads\/2025\/10\/38243a44-5193-4002-8f69-06db6369ef7a.mov\"><\/video><\/figure>\n\n\n\n<p>Im Rahmen der Er\u00f6ffnung der Jugendbauh\u00fctte 2024 entstand ein kurzes Video im 4.Quartal 2024 \u00fcber die Arbeiten in der Einsatzstelle und das Schloss, erz\u00e4hlt von den Teilnehmenden unserer ersten Generation. <\/p>\n\n\n\n<figure class=\"wp-block-image size-full\"><img loading=\"lazy\" decoding=\"async\" width=\"1024\" height=\"1\" src=\"https:\/\/halbes-schloss.de\/wp-content\/uploads\/2024\/02\/Webseite_Trenner_lang.jpg\" alt=\"\" class=\"wp-image-620\" srcset=\"https:\/\/halbes-schloss.de\/wp-content\/uploads\/2024\/02\/Webseite_Trenner_lang.jpg 1024w, https:\/\/halbes-schloss.de\/wp-content\/uploads\/2024\/02\/Webseite_Trenner_lang-300x1.jpg 300w, https:\/\/halbes-schloss.de\/wp-content\/uploads\/2024\/02\/Webseite_Trenner_lang-150x1.jpg 150w, https:\/\/halbes-schloss.de\/wp-content\/uploads\/2024\/02\/Webseite_Trenner_lang-768x1.jpg 768w, https:\/\/halbes-schloss.de\/wp-content\/uploads\/2024\/02\/Webseite_Trenner_lang-950x1.jpg 950w\" sizes=\"auto, (max-width: 1024px) 100vw, 1024px\" \/><\/figure>\n\n\n\n<div class=\"wp-block-columns is-layout-flex wp-container-core-columns-is-layout-28f84493 wp-block-columns-is-layout-flex\">\n<div class=\"wp-block-column is-layout-flow wp-block-column-is-layout-flow\">\n<p><\/p>\n<\/div>\n<\/div>\n\n\n\n<figure class=\"wp-block-image size-full\"><img loading=\"lazy\" decoding=\"async\" width=\"320\" height=\"320\" src=\"https:\/\/halbes-schloss.de\/wp-content\/uploads\/2026\/02\/Kooperationsbutton-JBH.gif\" alt=\"\" class=\"wp-image-1186\"\/><\/figure>\n","protected":false},"excerpt":{"rendered":"<p>Jugendbauh\u00fctte im Halben Schloss \u2013 junge H\u00e4nde f\u00fcr lebendiges Kulturerbe Das\u00a0Halbe Schloss\u00a0in\u00a0Langenleuba-Niederhain\u00a0blickt auf eine lange Bildungstradition zur\u00fcck: Bereits seit 1714 wurde es f\u00fcr Ausbildungszwecke genutzt \u2013 unter anderem zur F\u00f6rderung von Handwerkern und sp\u00e4ter als Standort einer der ersten handwerklichen Berufsschulen.Nach mehreren Jahrzehnten des Leerstands wird diese besondere Tradition nun fortgef\u00fchrt. Ab September 2024 ist &hellip; <\/p>\n<p class=\"link-more\"><a href=\"https:\/\/halbes-schloss.de\/index.php\/jugendbauhuette\/\" class=\"more-link\">Mehr <span class=\"screen-reader-text\">\u00fcber &#8222;Jugendbauh\u00fctte&#8220; <\/span>Lesen<\/a><\/p>\n","protected":false},"author":1,"featured_media":0,"parent":0,"menu_order":0,"comment_status":"closed","ping_status":"closed","template":"","meta":{"footnotes":""},"class_list":["post-771","page","type-page","status-publish","hentry"],"_links":{"self":[{"href":"https:\/\/halbes-schloss.de\/index.php\/wp-json\/wp\/v2\/pages\/771","targetHints":{"allow":["GET"]}}],"collection":[{"href":"https:\/\/halbes-schloss.de\/index.php\/wp-json\/wp\/v2\/pages"}],"about":[{"href":"https:\/\/halbes-schloss.de\/index.php\/wp-json\/wp\/v2\/types\/page"}],"author":[{"embeddable":true,"href":"https:\/\/halbes-schloss.de\/index.php\/wp-json\/wp\/v2\/users\/1"}],"replies":[{"embeddable":true,"href":"https:\/\/halbes-schloss.de\/index.php\/wp-json\/wp\/v2\/comments?post=771"}],"version-history":[{"count":17,"href":"https:\/\/halbes-schloss.de\/index.php\/wp-json\/wp\/v2\/pages\/771\/revisions"}],"predecessor-version":[{"id":1188,"href":"https:\/\/halbes-schloss.de\/index.php\/wp-json\/wp\/v2\/pages\/771\/revisions\/1188"}],"wp:attachment":[{"href":"https:\/\/halbes-schloss.de\/index.php\/wp-json\/wp\/v2\/media?parent=771"}],"curies":[{"name":"wp","href":"https:\/\/api.w.org\/{rel}","templated":true}]}}